What is the highest common divisor of s and 22?
22
Let v = 6 + -1. Suppose -v*r + 380 + 55 = 0. Suppose -97 = -3*n - 5*z, n - 4*n = 3*z - r. What is the highest common factor of n and 12?
12
Let a be 1711 - ((-2)/(-2) - 7). Calculate the highest common divisor of 17 and a.
17
Suppose 4*i = -17 - 3. Let m = -5 - i. Let j = m - -9. Calculate the greatest common divisor of 45 and j.
9
Suppose -p + 202 = 3*k - 0*k, -2*p + 379 = k. Calculate the greatest common factor of p and 85.
17
Let n(m) = -9*m**2 + m + 4. Let f(z) = 4*z**2 - 2. Let x(o) = -5*f(o) - 3*n(o). Let q be x(2). What is the greatest common divisor of q and 180?
20
Suppose -2*b - 9 + 13 = 0. Suppose 3*v = 3*o + 21, -4*o = b*v - v - 27. Let w be (-2)/(0 + (-4)/242). What is the highest common divisor of v and w?
11
Let v(i) = -4*i**2 - 16*i + 2. Let s be v(7). Let c be (-1)/((-2)/s + (-12)/102). Let f be (-104)/(-6) - (-2)/3. What is the highest common factor of c and f?
9
Suppose 0 = -57*j + 21*j + 432. What is the highest common factor of j and 24?
12
Let p be ((-1080)/81)/(4*(-3)/54). What is the highest common divisor of 20 and p?
20
Let d be (-4)/(-22) - (-280)/154. Suppose 0 = -4*x - d*o + 510, 5*x - o = x + 525. Calculate the highest common factor of 26 and x.
26
Let c be (-1)/((-6)/(-432)*(-4)/3). Let m = -50 + c. What is the highest common divisor of 36 and m?
4
Let p be (-3 - 14)/(1*-1). Suppose -m + p + 9 = 0. What is the greatest common divisor of m and 65?
13
Let k be (-6)/2 + 2 + 6. Let y(v) = 4*v**2 - 4*v + 3. Let j be y(1). Suppose -3*n + 11 = x, -3*x - 14 = -n + j. Calculate the highest common divisor of n and k.
5
Let t be ((-1)/2)/((-3)/54). Let d(z) = -91*z - 656. Let j be d(-8). Calculate the highest common divisor of j and t.
9
Let n be (-4)/(-18) + 7372/36 + 3. What is the greatest common factor of 32 and n?
16
Suppose 5*a = -0*a + 20. Suppose p - 13 = -a*g - 1, 0 = 5*p + 4*g - 92. Calculate the highest common factor of p and 12.
4
Let s be (4/30 + (-39)/(-45))*95. Suppose -s = -3*r + 40. Let z be 3/((2/(-6))/(-1)). What is the greatest common divisor of z and r?
9
Let v be -596*1/(-11) - 4/22. Suppose 13*z = 7*z + v. Calculate the highest common divisor of z and 36.
9
Suppose 7*o = 3*o + 308. Let v be (-14)/o - 928/(-22). Let i(s) = s + 41. Let c be i(-13). What is the highest common divisor of v and c?
14
Suppose -6046 = 249*y + 460*y - 27316. Let g(a) = 37*a + 1. Let l be g(2). Suppose 0 = -2*p - 3*p + l. What is the greatest common factor of y and p?
15
Let t(q) = q**2 - q + 24. Let f be t(25). What is the greatest common divisor of f and 48?
48
Suppose 0 = -4*n - 12, -4*n + 9*n = -j + 60. What is the highest common factor of 60 and j?
15
Suppose 17*a - 333 = 942. Calculate the highest common divisor of a and 1200.
75
Let t be (1260 - -12)/((-12)/(-8)). What is the highest common factor of t and 53?
53
Let l(o) = -2*o**3 + 12*o**2 + 13*o - 24. Let b be l(-7). What is the highest common factor of 19 and b?
19
Let y be (-18)/(12/6 - 4). Suppose -y - 39 = -12*w. Calculate the highest common divisor of 1 and w.
1
Suppose 50*i - 40*i = 2650. Calculate the greatest common divisor of i and 106.
53
Let k(u) = -9*u + 36. Let x be k(-11). Let v = x - 106. What is the greatest common divisor of v and 174?
29
Let b(g) = 6*g**3 - 2*g**2 + g + 2. Let z = -11 + 13. Let c be b(z). Calculate the greatest common factor of c and 4.
4
Let g = 1008 - 1005. What is the highest common factor of 48 and g?
3
Let d(m) = 23*m - 5. Let l be d(2). Let k(f) = f**3 + 12*f**2 - 2*f - 15. Let x be k(-10). What is the highest common factor of l and x?
41
Suppose 31 = p + 3. Let s be 12/16*4 + 2. Suppose 659 = s*g - 601. Calculate the highest common divisor of g and p.
28
Let s = -188 + 192. Calculate the highest common factor of s and 5.
1
Let q(h) = -h**2 - h + 296. Let n be q(0). Let w = 158 - 121. Calculate the greatest common factor of n and w.
37
Suppose 2*r - 4*l = 1557 + 1075, -16 = 4*l. Calculate the greatest common factor of r and 12.
12
Let t be 48 - 12/8*-4. Calculate the greatest common factor of t and 9.
9
Let f = -38 - -2. Let b be (0 - 2) + 2 - f. Let a = 44 + -26. Calculate the highest common divisor of a and b.
18
Suppose 189*p - 150 = 194*p. Let m(f) = 13*f - 6. Let u be m(6). Let j = p + u. What is the greatest common divisor of 28 and j?
14
Let l(w) = w**3 - 9*w**2 + 11*w - 9. Let v be l(8). Calculate the highest common divisor of 55 and v.
5
Suppose 0 = 3*s - 33 - 0. Suppose j - 5*j = -48. Let n be (-395)/(-4) - (-3)/j. What is the greatest common factor of s and n?
11
Suppose 20 = 4*t + 4. Suppose -d = -12 + 10. Suppose d = t*g - 278. What is the highest common divisor of 10 and g?
10
Let j(b) = -b**3 + 9*b**2 + b - 4. Let k be j(8). Let f = k - 47. Suppose 0*s = -s + 21. What is the greatest common divisor of s and f?
21
Suppose 2*f + 4*r = 152, -5*r + 275 = 3*f + 49. Suppose 4*o + 10 + 20 = 2*j, -2*o = 6. Calculate the greatest common factor of f and j.
9
Let m(t) = -t**3 + 13*t**2 + 8. Let k be m(12). Suppose -2*w + 154 = -3*i - 0*i, -k = -2*w + 2*i. What is the greatest common factor of 37 and w?
37
Suppose 3*c - 407 = 457. What is the greatest common divisor of 16 and c?
16
Let n(c) = -15*c + 335*c**2 - 10 - 336*c**2 - 6. Let k be n(-13). What is the highest common factor of 25 and k?
5
Let x(k) = 21*k - 4. Let i be x(4). Suppose 6*t - t = i. Suppose -5*o + r = -590 - 295, 4*o - 2*r - 714 = 0. Calculate the greatest common factor of o and t.
16
Suppose 6*r = 1402 + 2054. What is the highest common factor of 128 and r?
64
Let z be (-2)/8 - 3/12*-37. Let o = 188 + -52. Let s = o - 64. Calculate the greatest common factor of s and z.
9
Suppose -99 = -400*f + 397*f. Calculate the highest common divisor of f and 396.
33
Let b be 0 + -5 + 0 + 57. Calculate the highest common factor of 468 and b.
52
Suppose -216 = -2*n + 5*y, -y + 106 = n - 3*y. Suppose -6*v + n - 20 = 0. Let d(q) = 28*q + 5. Let s be d(4). What is the greatest common factor of s and v?
13
Let a be 86/(2/(-5) - (-112)/105). Let x = -65 + a. Calculate the highest common factor of x and 8.
8
Let i(f) = 39*f - 12. Let o be i(7). Suppose -147 - o = -4*l. What is the greatest common factor of l and 68?
34
Suppose -10*n + 3*n + 154 = 0. What is the highest common factor of 814 and n?
22
Let j = -206 + 436. What is the greatest common divisor of 46 and j?
46
Let d be (-32)/10*410/(-4). Suppose 24*r - 50*r = -21*r - 205. What is the highest common divisor of d and r?
41
Let v = -227 + 249. What is the highest common divisor of 11 and v?
11
Suppose 1 = a - 7. Let k(o) = 9*o + 13*o**3 - 19 + 23 - 14*o**3 + 7*o**2. Let m be k(a). What is the highest common factor of m and 48?
12
Suppose -5*c + 3*c + 142 = 0. Suppose -4*n = -4*g - 7*n + c, -65 = -5*g + n. Let m be 35/(0/(-1) + 1). Calculate the highest common divisor of g and m.
7
Let n be (-10)/(-2) - 0/(-3). Let i(v) = -v**2 + 15*v + 7 - 5*v - 3*v. Let k be i(n). Calculate the highest common divisor of k and 153.
17
Let j be 123 + 3/2*240/(-90). Calculate the greatest common divisor of 85 and j.
17
Let f be 210540/60 - (0 + (-21)/3). What is the greatest common factor of 12 and f?
12
Let d(j) = j**3 - 6*j**2 + 5*j - 8. Let a be ((-2)/1)/(10/(-105)). Let c = a + -15. Let i be d(c). What is the greatest common factor of i and 11?
11
Let j(i) = -2*i**3 + 2*i**2 - i - 4. Let r be j(-4). Suppose 5*b - r = 3*b. What is the highest common factor of 16 and b?
16
Let b(d) = -2*d**3 + 20*d**2 - 23*d + 72. Let m be b(9). Calculate the greatest common divisor of m and 24.
3
Let s(i) = 2*i + 55. Let n = 16 + -16. Let y be s(n). Calculate the greatest common factor of 5 and y.
5
Suppose 18 + 35 = 4*r - b, 0 = -5*r - 4*b + 82. Let a(u) = -18*u + 15. Let h be a(-6). Let c = 31 + h. Calculate the greatest common factor of c and r.
14
Let n(w) = w**2 - 10*w - 19. Let q be n(12). Suppose 2*v - 267 = -5*b, q*v + 11 + 9 = 0. Calculate the highest common divisor of 5 and b.
5
Let f be (-36)/(-4) + (14 - -5). What is the greatest common factor of f and 70?
14
Let i(q) = -q**2 + 21*q + 74. Let h be i(24). What is the highest common divisor of 2 and h?
2
Suppose -3*b = -4*y + 168, -5*y + 24 = 4*b - 155. What is the greatest common factor of 65 and y?
13
Let o be -3*(-4 - (-636)/(-18)).